base 5, what is -113 - -124?
11
In base 16, what is 3 - 293?
-290
In base 3, what is 12121 + -121?
12000
In base 11, what is 4 - -2943?
2947
In base 12, what is -3 - -37?
34
In base 9, what is -6 + 151?
144
In base 12, what is 1 - 9b?
-9a
In base 14, what is -113 - -a?
-107
In base 15, what is -37 - 36?
-6d
In base 4, what is 1 + 121?
122
In base 14, what is 674 + -1?
673
In base 5, what is 0 - -2234?
2234
In base 10, what is 66 + 2?
68
In base 6, what is 31 - 130?
-55
In base 13, what is 40 + 1c7?
237
In base 5, what is 3 + 324?
332
In base 12, what is -14a + -2?
-150
In base 3, what is 0 + -211?
-211
In base 8, what is -12 - -45?
33
In base 14, what is -3 - 7?
-a
In base 3, what is -120002 - -1011?
-111221
In base 4, what is 13122 - 32?
13030
In base 2, what is -10 - 110111?
-111001
In base 7, what is 1 + 3340?
3341
In base 3, what is -121 - 11?
-202
In base 3, what is 12 + 11000?
11012
In base 13, what is -a + -207?
-214
In base 9, what is 134 + 28?
163
In base 3, what is -2021121 - -12?
-2021102
In base 15, what is 3 - 11?
-d
In base 12, what is -18 + 9a8?
990
In base 13, what is c3 + 2?
c5
In base 14, what is 5 - 28?
-23
In base 2, what is -10111000 + -10?
-10111010
In base 12, what is 2 - 1b02?
-1b00
In base 11, what is -64 + 31?
-33
In base 9, what is 357 + 0?
357
In base 9, what is -11 + -33?
-44
In base 10, what is -8 + 1944?
1936
In base 15, what is 2bd - -5?
2c3
In base 16, what is -2 - 1?
-3
In base 15, what is -9 - -11?
7
In base 7, what is -1053 + 130?
-623
In base 12, what is 235 + -5?
230
In base 5, what is -141 + -22?
-213
In base 9, what is 446 - -3?
450
In base 4, what is 2 + 2300?
2302
In base 14, what is -2 + 171b?
1719
In base 16, what is -34a - -5?
-345
In base 2, what is 1001 - -10011?
11100
In base 10, what is 10 - 11?
-1
In base 14, what is 1 - 3?
-2
In base 12, what is 5 - -1b?
24
In base 2, what is -10110100110 + -101?
-10110101011
In base 4, what is -330 + 22?
-302
In base 7, what is -1 - -54?
53
In base 4, what is -111 + 331?
220
In base 3, what is 201211 + -1100?
200111
In base 6, what is -32 + 10?
-22
In base 14, what is -4373 - 0?
-4373
In base 13, what is -73 + -3?
-76
In base 4, what is 0 + -21?
-21
In base 9, what is 355 - -60?
425
In base 13, what is -6 - -12?
9
In base 12, what is a2 - -16?
b8
In base 16, what is -9 + 3b?
32
In base 15, what is -9 - -b?
2
In base 16, what is a6 + 0?
a6
In base 14, what is -3 + -36?
-39
In base 8, what is -3 + 7?
4
In base 7, what is -1145 - -4?
-1141
In base 4, what is 13 + 111?
130
In base 12, what is 3 - -186?
189
In base 4, what is -122 - -11?
-111
In base 11, what is -568a - 4?
-5693
In base 4, what is -303 - -32?
-211
In base 11, what is -3 + -197?
-19a
In base 16, what is -6a1 + 1?
-6a0
In base 11, what is 30 - -13?
43
In base 14, what is -1 + 116?
115
In base 6, what is 33 - 10?
23
In base 9, what is -26 + 52?
25
In base 7, what is 2400 + 11?
2411
In base 10, what is 5117 - 0?
5117
In base 8, what is 576 - 1?
575
In base 7, what is -63 - -165?
102
In base 10, what is 3 + 32?
35
In base 11, what is 0 - 51?
-51
In base 14, what is 365 + 0?
365
In base 13, what is -7 - 0?
-7
In base 11, what is -3 + -507?
-50a
In base 9, what is -5 + 4488?
4483
In base 11, what is 2 + 27?
29
In base 10, what is 389 + 4?
393
In base 15, what is -10 - -13?
3
In base 3, what is -2 + -1000?
-1002
In base 14, what is 223 - 1?
222
In base 14, what is 0 + 3?
3
In base 2, what is -1100111 - -11?
-1100100
In base 14, what is -14 + 1d?
9
In base 13, what is 48 - -8?
53
In base 4, what is -3 + 232100?
232031
In base 2, what is 1101 - 110?
111
In base 4, what is 1320231 + -10?
1320221
In base 3, what is 2010 + -11?
1222
In base 7, what is -12 + -345?
-360
In base 12, what is -57 - 6?
-61
In base 15, what is -2dba - -3?
-2db7
In base 7, what is 412 - 2?
410
In base 16, what is e - 14?
-6
In base 3, what is 22221201 - -12?
22221220
In base 6, what is -32345 - 1?
-32350
In base 8, what is 2 - 167?
-165
In base 8, what is -4 + -554?
-560
In base 15, what is -16 - -1?
-15
In base 9, what is 3 + 108?
112
In base 10, what is 1 - -129?
130
In base 10, what is -4 - 9?
-13
In base 4, what is -101130 + -2?
-101132
In base 11, what is 1a - -13?
32
In base 2, what is 111101 + -101?
111000
In base 4, what is 2 + -3310?
-3302
In base 7, what is -3630 - -4?
-3623
In base 16, what is -1336 - -2?
-1334
In base 8, what is 2 + 63?
65
In base 14, what is 526 + b?
533
In base 4, what is 220 + -311?
-31
In base 4, what is 2 - -1210230?
1210232
In base 10, what is -3 - -753?
750
In base 4, what is 22203 - 2?
22201
In base 15, what is 2 + 10a?
10c
In base 6, what is 15432 - -5?
15441
In base 2, what is -10001 + -10111111?
-11010000
In base 11, what is 4 + -1812?
-1809
In base 8, what is 10 + 2475?
2505
In base 6, what is -13504 + -2?
-13510
In base 3, what is -12211 + 10?
-12201
In base 6, what is -25240 - -5?
-25231
In base 15, what is -e - -3dc?
3cd
In base 12, what is -2 - -4a?
48
In base 5, what is -24042 - -4?
-24033
In base 10, what is 0 + 811?
811
In base 3, what is 201 - 110?
21
In base 11, what is -3 + 18?
15
In base 13, what is -300 + 1b?
-2b2
In base 9, what is 10 - -1140?
1150
In base 11, what is 2 - 527?
-525
In base 9, what is 0 - 53?
-53
In base 16, what is 3 + df?
e2
In base 10, what is 3 + -14?
-11
In base 8, what is -3 - 11?
-14
In base 6, what is 5 + -1511?
-1502
In base 6, what is 23 - 2?
21
In base 9, what is -3 + 5?
2
In base 5, what is 23303 - 0?
23303
In base 11, what is 247 - -3?
24a
In base 8, what is 152 + 6?
160
In base 10, what is -1 - 45?
-46
In base 9, what is 0 + 143?
143
In base 12, what is -5 + -165?
-16a
In base 10, what is 1 + -501?
-500
In base 4, what is -30 - 112?
-202
In base 8, what is 3373 + -4?
3367
In base 8, what is 0 - -176?
176
In base 11, what is -43 - 20?
-63
In base 15, what is e - -5b8?
5c7
In base 7, what is -10 - -126?
116
In base 6, what is 3 - 23312?
-23305
In base 15, what is 1b - 0?
1b
In base 7, what is 5341 - -3?
5344
In base 15, what is -9 + 1a?
11
In base 8, what is 1 + -27?
-26
In base 15, what is -29 - -10?
-19
In base 9, what is 4 - 1320?
-1315
In base 15, what is -9c0 - 3?
-9c3
In base 12, what is 1a + -a?
10
In base 8, what is -5 - -133?
126
In base 4, what is 3 - -23012?
23021
In base 4, what is -11220 - 3?
-11223
In base 10, what is 9760 - -1?
9761
In base 10, what is -47 - 5?
-52
In base 4, what is -3123 - -1232?
-1231
In base 10, what is -4 + 325?
321
In base 4, what is 23 - 13000?
-12311
In base 13, what is 79b - 2?
799
In base 11, what is 71 + -2?
6a
In base 15, what is d6 - -51?
137
In base 13, what is 6 + -96?
-90
In base 12, what is 3 - a3?
-a0
In base 14, what is -3 + -142?
-145
In base 15, what is -1 - -68?
67
In base 5, what is -1440 + -10?
-2000
In base 16, what is 619 - 4?
615
In base 6, what is 24 - 2?
22
In base 7, what is 22 - 163?
-141
In base 10, what is 81 + -63?
18
In base 4, what is -32103 + -21?
-32130
In base 11, what is 5 + 51?
56
In base 11, what is 252 + -3?
24a
In base 7, what is -1 - -4406?
4405
In base 11, what is 3a + 3?
42
In base 12, what is 48 - -4?
50
In base 5, what is -24 + -24?
-103
In base 10, what is -9525 + 5?
-9520
In base 3, what is -210020 - -120?
-202200
In base 9, what is 2 - 152?
-150
In base 10, what is -4 - -47?
43
In base 13, what is 5 + 102?
107
In base 9, what is -170 - -3?
-166
In base 16, what is 2 + 6c?
6e
In base 3, what is 11 + -221?
-210
In base 9, what is -3 + 466?
463
In base 14, what is 43 + -5?
3c
In base 11, what is -22 + 18?
-5
In base 6, what is -2331 + 45?
-2242
In base 16, what is 5 + -35?
-30
In base 14, what is 1 + 16?
17
In base 16, what is 5 - -b55?
b5a
In base 3, what is 12202122 + -21?
12202101
In base 9, what is -5 + 535?
530
In base 11, what is 3 - -147?
14a
In base 11, what is 18a02 - -2?
18a04
In base 12, what is 2 + 184?
186
In base 10, what is 593 + -9?
584
In base 8, what is 0 - -17657?
17657
In base 16, what is -51 - 2?
-53
In base 7, what is -135 - 3?
-141
In base 16, what is -2611 - -1?
-2610
In base 10, what is -17 + 156?
139
In base 11, what is -214a + 2?
-2148
In base 11, what is -6 - -113?
108
In base 7, what is -2 - 11262?
-11264
In base 2, what is -1011 - -1100110?
1011011
In base 9, what is 81 - -1?
82
In base 12, what is -39b + 0?
-39b
In base 6, what is -15 + 11